Calculate the remainder when 1358 is divided by 886.
472
Calculate the remainder when 55329 is divided by 212.
209
What is the remainder when 1267 is divided by 419?
10
What is the remainder when 42917 is divided by 349?
339
Calculate the remainder when 1433 is divided by 918.
515
What is the remainder when 47761 is divided by 1330?
1211
What is the remainder when 12780 is divided by 6389?
2
Calculate the remainder when 27640 is divided by 2.
0
Calculate the remainder when 56596 is divided by 6.
4
Calculate the remainder when 230798 is divided by 76896.
110
What is the remainder when 2990 is divided by 627?
482
Calculate the remainder when 3237 is divided by 1001.
234
Calculate the remainder when 5031 is divided by 1553.
372
Calculate the remainder when 843 is divided by 337.
169
What is the remainder when 484 is divided by 462?
22
Calculate the remainder when 88990 is divided by 649.
77
Calculate the remainder when 16275 is divided by 1877.
1259
Calculate the remainder when 2210 is divided by 345.
140
Calculate the remainder when 9102 is divided by 699.
15
What is the remainder when 54840 is divided by 2491?
38
What is the remainder when 2752 is divided by 1373?
6
Calculate the remainder when 8188 is divided by 162.
88
What is the remainder when 15509 is divided by 1284?
101
Calculate the remainder when 4633 is divided by 1529.
46
What is the remainder when 17007 is divided by 70?
67
Calculate the remainder when 55228 is divided by 27579.
70
Calculate the remainder when 738 is divided by 166.
74
Calculate the remainder when 55153 is divided by 34.
5
Calculate the remainder when 116884 is divided by 97.
96
What is the remainder when 163027 is divided by 3135?
7
What is the remainder when 15813 is divided by 851?
495
Calculate the remainder when 1486447 is divided by 50.
47
What is the remainder when 55592 is divided by 722?
720
Calculate the remainder when 1045167 is divided by 16.
15
Calculate the remainder when 29194 is divided by 97.
94
Calculate the remainder when 30002 is divided by 122.
112
Calculate the remainder when 3008596 is divided by 53.
51
What is the remainder when 8147 is divided by 390?
347
What is the remainder when 13229 is divided by 4378?
95
What is the remainder when 3419 is divided by 114?
113
What is the remainder when 2501 is divided by 12?
5
Calculate the remainder when 138506 is divided by 38.
34
What is the remainder when 454 is divided by 96?
70
Calculate the remainder when 388 is divided by 289.
99
Calculate the remainder when 37770 is divided by 5393.
19
Calculate the remainder when 36274 is divided by 2786.
56
What is the remainder when 47211 is divided by 174?
57
What is the remainder when 67940 is divided by 298?
294
What is the remainder when 394797 is divided by 6?
3
What is the remainder when 39869 is divided by 39376?
493
What is the remainder when 1371 is divided by 465?
441
Calculate the remainder when 223160 is divided by 145.
5
Calculate the remainder when 107876 is divided by 35951.
23
Calculate the remainder when 74468 is divided by 58.
54
Calculate the remainder when 371 is divided by 86.
27
Calculate the remainder when 28563 is divided by 242.
7
What is the remainder when 6136 is divided by 211?
17
Calculate the remainder when 93790 is divided by 7212.
34
What is the remainder when 17133 is divided by 2854?
9
Calculate the remainder when 9347 is divided by 9243.
104
Calculate the remainder when 40743 is divided by 13492.
267
Calculate the remainder when 18254 is divided by 4382.
726
What is the remainder when 75 is divided by 22?
9
What is the remainder when 18411 is divided by 1311?
57
What is the remainder when 13363 is divided by 893?
861
What is the remainder when 707487 is divided by 630?
627
Calculate the remainder when 182455 is divided by 257.
242
What is the remainder when 4803 is divided by 218?
7
Calculate the remainder when 124784 is divided by 10397.
20
What is the remainder when 15073 is divided by 1883?
9
Calculate the remainder when 45249 is divided by 47.
35
What is the remainder when 583 is divided by 57?
13
What is the remainder when 9129 is divided by 106?
13
Calculate the remainder when 1164 is divided by 301.
261
What is the remainder when 139187 is divided by 23193?
29
Calculate the remainder when 60130 is divided by 60130.
0
Calculate the remainder when 3626 is divided by 1203.
17
Calculate the remainder when 308 is divided by 3.
2
What is the remainder when 60858 is divided by 10?
8
Calculate the remainder when 687 is divided by 270.
147
Calculate the remainder when 73192 is divided by 2614.
0
Calculate the remainder when 5259 is divided by 112.
107
Calculate the remainder when 1867 is divided by 1710.
157
Calculate the remainder when 632 is divided by 258.
116
Calculate the remainder when 145787 is divided by 59.
57
Calculate the remainder when 18280 is divided by 162.
136
What is the remainder when 7162 is divided by 15?
7
Calculate the remainder when 345 is divided by 67.
10
What is the remainder when 949 is divided by 11?
3
Calculate the remainder when 3760142 is divided by 155.
152
What is the remainder when 162725 is divided by 147?
143
What is the remainder when 119983 is divided by 594?
589
What is the remainder when 20337 is divided by 194?
161
Calculate the remainder when 12148 is divided by 875.
773
Calculate the remainder when 341 is divided by 109.
14
What is the remainder when 10488 is divided by 1062?
930
Calculate the remainder when 853326 is divided by 56.
54
What is the remainder when 447106 is divided by 40?
26
Calculate the remainder when 1555624 is divided by 19.
18
What is the remainder when 5190 is divided by 325?
315
Calculate the remainder when 51801 is divided by 50.
1
What is the remainder when 8378 is divided by 21?
20
What is the remainder when 279168 is divided by 396?
384
What is the remainder when 775694 is divided by 219?
215
What is the remainder when 8000 is divided by 3998?
4
Calculate the remainder when 36235 is divided by 566.
11
Calculate the remainder when 418626 is divided by 20.
6
What is the remainder when 17541 is divided by 344?
341
Calculate the remainder when 318087 is divided by 4970.
7
What is the remainder when 2340 is divided by 768?
36
Calculate the remainder when 15909 is divided by 72.
69
What is the remainder when 7066 is divided by 502?
38
Calculate the remainder when 19504 is divided by 179.
172
What is the remainder when 4886217 is divided by 465?
462
Calculate the remainder when 8487 is divided by 517.
215
What is the remainder when 18361 is divided by 18328?
33
Calculate the remainder when 71755 is divided by 4783.
10
Calculate the remainder when 17153 is divided by 112.
17
What is the remainder when 2603 is divided by 185?
13
Calculate the remainder when 11283 is divided by 105.
48
What is the remainder when 990 is divided by 32?
30
What is the remainder when 16867 is divided by 8430?
7
What is the remainder when 19 is divided by 12?
7
What is the remainder when 18177 is divided by 6001?
174
Calculate the remainder when 8572 is divided by 253.
223
What is the remainder when 22024 is divided by 25?
24
Calculate the remainder when 20511 is divided by 2925.
36
What is the remainder when 2591582 is divided by 109?
107
Calculate the remainder when 1092343 is divided by 182055.
13
What is the remainder when 1308 is divided by 422?
42
Calculate the remainder when 12721 is divided by 1060.
1
Calculate the remainder when 42757 is divided by 10649.
161
Calculate the remainder when 116970 is divided by 1695.
15
What is the remainder when 2935 is divided by 269?
245
What is the remainder when 20155 is divided by 15?
10
What is the remainder when 53317 is divided by 1334?
1291
Calculate the remainder when 353797 is divided by 176877.
43
Calculate the remainder when 207574 is divided by 372.
370
Calculate the remainder when 20277 is divided by 39.
36
Calculate the remainder when 3619 is divided by 3606.
13
What is the remainder when 29600 is divided by 99?
98
Calculate the remainder when 51319 is divided by 417.
28
Calculate the remainder when 3435 is divided by 491.
489
Calculate the remainder when 13542 is divided by 189.
123
Calculate the remainder when 32281 is divided by 167.
50
Calculate the remainder when 97892 is d